he prime factors of 319217.
23, 13879
What are the prime factors of 242122?
2, 121061
List the prime factors of 26911983.
3, 7, 1281523
What are the prime factors of 2459863?
7, 127, 2767
List the prime factors of 309631.
7, 71, 89
List the prime factors of 628239.
3, 61, 3433
What are the prime factors of 1100652?
2, 3, 7, 13103
What are the prime factors of 561598?
2, 227, 1237
What are the prime factors of 8937941?
2467, 3623
List the prime factors of 1610806.
2, 805403
List the prime factors of 29104263.
3, 233, 13879
List the prime factors of 3500354.
2, 11, 13, 12239
What are the prime factors of 497521?
497521
What are the prime factors of 2879861?
53, 67, 811
List the prime factors of 7954088.
2, 809, 1229
List the prime factors of 39786509.
7, 113, 179, 281
List the prime factors of 230585.
5, 107, 431
List the prime factors of 2571544.
2, 321443
What are the prime factors of 600954?
2, 3, 37, 2707
List the prime factors of 22819859.
947, 24097
What are the prime factors of 251629?
7, 103, 349
List the prime factors of 7974269.
7974269
What are the prime factors of 1735265?
5, 7, 43, 1153
List the prime factors of 531916.
2, 7, 11, 157
What are the prime factors of 176922?
2, 3, 9829
List the prime factors of 436905.
3, 5, 7, 19, 73
What are the prime factors of 3062160?
2, 3, 5, 4253
List the prime factors of 784547.
784547
List the prime factors of 17359584.
2, 3, 11, 17, 967
What are the prime factors of 729390?
2, 3, 5, 41, 593
What are the prime factors of 397741?
41, 89, 109
What are the prime factors of 462529?
462529
List the prime factors of 1204115.
5, 11, 21893
What are the prime factors of 1330895?
5, 23, 71, 163
List the prime factors of 1567336.
2, 107, 1831
List the prime factors of 9260142.
2, 3, 1543357
List the prime factors of 7314989.
11, 23, 29, 997
What are the prime factors of 272477?
272477
What are the prime factors of 11827266?
2, 3, 11, 1481
List the prime factors of 6661915.
5, 13, 113, 907
What are the prime factors of 1124081?
7, 160583
List the prime factors of 469969.
469969
What are the prime factors of 1540695?
3, 5, 13, 7901
List the prime factors of 535816.
2, 66977
What are the prime factors of 68968?
2, 37, 233
What are the prime factors of 702150?
2, 3, 5, 31, 151
What are the prime factors of 3653824?
2, 37, 1543
What are the prime factors of 10471676?
2, 31, 84449
What are the prime factors of 3431228?
2, 43, 19949
List the prime factors of 1340540.
2, 5, 97, 691
What are the prime factors of 386986?
2, 193493
List the prime factors of 260808.
2, 3, 10867
List the prime factors of 156831.
3, 61, 857
List the prime factors of 412149.
3, 137383
List the prime factors of 72502.
2, 36251
What are the prime factors of 199934?
2, 7, 14281
What are the prime factors of 14773?
11, 17, 79
List the prime factors of 117106.
2, 11, 5323
List the prime factors of 6877460.
2, 5, 23, 14951
What are the prime factors of 598169?
11, 13, 47, 89
List the prime factors of 10449903.
3, 43, 59, 1373
List the prime factors of 4497161.
4497161
What are the prime factors of 638265?
3, 5, 17, 2503
List the prime factors of 249368.
2, 7, 61, 73
What are the prime factors of 746829?
3, 82981
What are the prime factors of 10435110?
2, 3, 5, 7, 17, 37, 79
List the prime factors of 351322.
2, 17, 10333
What are the prime factors of 96971?
7, 1979
List the prime factors of 749390.
2, 5, 137, 547
What are the prime factors of 197248?
2, 23, 67
List the prime factors of 6285072.
2, 3, 23, 5693
What are the prime factors of 5736354?
2, 3, 13, 251, 293
List the prime factors of 1142544.
2, 3, 13, 1831
List the prime factors of 1321123.
47, 28109
List the prime factors of 218388.
2, 3, 18199
List the prime factors of 3787482.
2, 3, 631247
What are the prime factors of 94125?
3, 5, 251
List the prime factors of 58642.
2, 109, 269
List the prime factors of 173819.
173819
List the prime factors of 1194091.
23, 193, 269
What are the prime factors of 21373385?
5, 11, 19, 113, 181
What are the prime factors of 69710?
2, 5, 6971
What are the prime factors of 14877582?
2, 3, 31, 79987
List the prime factors of 143770.
2, 5, 11, 1307
List the prime factors of 414631.
7, 59233
List the prime factors of 155251.
155251
List the prime factors of 7323575.
5, 7, 41849
What are the prime factors of 193232?
2, 13, 929
List the prime factors of 197927.
197927
What are the prime factors of 4317725?
5, 172709
List the prime factors of 488457.
3, 79, 229
What are the prime factors of 3763811?
3763811
What are the prime factors of 362690?
2, 5, 36269
What are the prime factors of 4027155?
3, 5, 11, 24407
List the prime factors of 12942400.
2, 5, 8089
List the prime factors of 9330034.
2, 7, 666431
What are the prime factors of 955486?
2, 7, 139, 491
List the prime factors of 147424.
2, 17, 271
What are the prime factors of 129913?
7, 67, 277
What are the prime factors of 25516153?
13, 1259, 1559
List the prime factors of 213316.
2, 17, 3137
What are the prime factors of 5244539?
73, 71843
What are the prime factors of 241103?
461, 523
What are the prime factors of 1558797?
3, 503, 1033
What are the prime factors of 480410?
2, 5, 7, 6863
What are the prime factors of 1398811?
17, 107, 769
What are the prime factors of 22825787?
479, 47653
List the prime factors of 5086912.
2, 61, 1303
List the prime factors of 800028.
2, 3, 71, 313
What are the prime factors of 822914?
2, 257, 1601
What are the prime factors of 631547?
7, 83, 1087
What are the prime factors of 149534?
2, 7, 11, 971
What are the prime factors of 180735?
3, 5, 12049
List the prime factors of 180127.
43, 59, 71
List the prime factors of 26668.
2, 59, 113
List the prime factors of 1818989.
1818989
List the prime factors of 214450.
2, 5, 4289
What are the prime factors of 1417497?
3, 79, 5981
What are the prime factors of 2227968?
2, 3, 967
List the prime factors of 677291.
127, 5333
List the prime factors of 62204.
2, 15551
What are the prime factors of 1189876?
2, 297469
List the prime factors of 9543866.
2, 947, 5039
List the prime factors of 84868.
2, 7, 433
What are the prime factors of 40095?
3, 5, 11
What are the prime factors of 19884030?
2, 3, 5, 97, 6833
List the prime factors of 7314690.
2, 3, 5, 23, 10601
What are the prime factors of 87251?
87251
What are the prime factors of 2198484?
2, 3, 173, 353
List the prime factors of 94416.
2, 3, 7, 281
List the prime factors of 4876103.
19, 271, 947
List the prime factors of 139133.
139133
List the prime factors of 616777.
7, 17, 71, 73
What are the prime factors of 7108111?
283, 25117
List the prime factors of 15788671.
509, 31019
What are the prime factors of 1524410?
2, 5, 152441
List the prime factors of 4826578.
2, 43, 56123
List the prime factors of 11388.
2, 3, 13, 73
What are the prime factors of 80949?
3, 11, 223
List the prime factors of 162014.
2, 59, 1373
What are the prime factors of 1478125?
5, 11, 43
What are the prime factors of 352156?
2, 7, 12577
List the prime factors of 1013543.
277, 3659
What are the prime factors of 266160?
2, 3, 5, 1109
What are the prime factors of 244113?
3, 81371
List the prime factors of 2845070.
2, 5, 284507
List the prime factors of 27996039.
3, 3110671
What are the prime factors of 168182?
2, 7, 41, 293
What are the prime factors of 569998?
2, 11, 13, 1993
What are the prime factors of 925280?
2, 5, 5783
List the prime factors of 437302.
2, 218651
What are the prime factors of 23180?
2, 5, 19, 61
List the prime factors of 6522313.
7, 397, 2347
List the prime factors of 59923.
31, 1933
What are the prime factors of 182720?
2, 5, 571
What are the prime factors of 504054?
2, 3, 41, 683
List the prime factors of 5808719.
7, 23, 109, 331
List the prime factors of 262290.
2, 3, 5, 7, 1249
List the prime factors of 22655282.
2, 13, 283, 3079
List the prime factors of 16542472.
2, 199, 10391
List the prime factors of 239465.
5, 47, 1019
What are the prime factors of 5671508?
2, 37, 38321
List the prime factors of 2081623.
67, 31069
What are the prime factors of 11956137?
3, 103, 38693
What are the prime factors of 5485187?
5485187
What are the prime factors of 10759665?
3, 5, 7, 14639
List the prime factors of 2523143.
7, 19, 61, 311
List the prime factors of 229504.
2, 11, 163
What are the pr